101000000000100000110000 (base 2) to base 3.
201201211122010
What is 21203200 (base 4) in base 11?
27449
What is -18127 (base 16) in base 3?
-12000020211
What is 20230133 (base 7) in base 9?
3152418
Convert 23223040 (base 7) to base 8.
7617322
131535011 (base 6) to base 9
4817137
Convert -10101100010101101 (base 2) to base 12.
-43091
1862899 (base 10) to base 12
75a097
What is -10062165 (base 7) in base 15?
-1187a6
a6b83 (base 15) to base 4
2001023022
Convert -615737 (base 8) to base 15.
-4057d
-3022737 (base 8) to base 11
-4a4162
632351 (base 7) to base 15
2240e
-30086 (base 15) to base 7
-1202103
22322301031 (base 4) to base 3
12101102010211
31337713 (base 8) to base 5
3201340420
What is -52114301 (base 6) in base 9?
-2740701
-1242464 (base 7) to base 14
-42d6b
111104341 (base 5) to base 10
488096
101111101011100011010 (base 2) to base 7
16165041
131c921 (base 15) to base 13
2b0ac71
856632 (base 9) to base 10
510086
Convert -2223112220 (base 4) to base 7.
-5652152
Convert 153127 (base 11) to base 7.
2012020
Convert -1110865 (base 11) to base 8.
-7335204
-34311402 (base 5) to base 2
-1001010111110011110
1010100101101110101010 (base 2) to base 6
135255430
Convert 616402 (base 9) to base 16.
593f3
Convert -5067d8 (base 14) to base 9.
-5075450
What is -72837 (base 11) in base 8?
-317255
What is -111101000100001011010 (base 2) in base 13?
-550a20
Convert -3076 (base 8) to base 13.
-95c
What is -1004101455 (base 6) in base 12?
-353488b
fb27c (base 16) to base 9
1837135
Convert 2b53235 (base 12) to base 14.
1257957
Convert -313122231 (base 4) to base 8.
-673255
What is -2010132332 (base 4) in base 10?
-542654
2062003 (base 9) to base 14
20a325
Convert 141332142 (base 5) to base 10.
730297
1164a95 (base 11) to base 6
111240412
-87b82 (base 12) to base 11
-112a93
What is -3660773 (base 9) in base 14?
-39aa00
What is 2a88d5 (base 14) in base 5?
334433030
Convert 12212011220101 (base 3) to base 5.
1244112423
-10010212112002 (base 3) to base 13
-466496
3eaf6 (base 16) to base 8
765366
-15c71 (base 16) to base 8
-256161
Convert -405041 (base 7) to base 2.
-10000110101101100
What is -164202 (base 8) in base 2?
-1110100010000010
Convert -313446 (base 7) to base 9.
-82160
Convert 1323554 (base 8) to base 2.
1011010011101101100
1213021321 (base 4) to base 16
67279
Convert -3a46042 (base 11) to base 10.
-6991789
What is 42a0b0 (base 13) in base 4?
11331323313
What is -13875 (base 16) in base 6?
-1414153
11022122 (base 4) to base 7
115436
Convert 2021102010 (base 3) to base 7.
244344
30220102 (base 5) to base 2
111011000011101110
-1311033322 (base 4) to base 8
-1651772
54030324 (base 6) to base 15
216311
Convert -444011200 (base 6) to base 13.
-1880478
3033265 (base 7) to base 13
c8602
What is 110805 (base 10) in base 12?
54159
Convert 10241145 (base 6) to base 15.
5e288
1cfb7 (base 16) to base 3
20000211201
What is -317865 (base 11) in base 12?
-20609a
Convert -4705412 (base 8) to base 14.
-254a82
-220103230201 (base 4) to base 7
-155545633
Convert -131303441 (base 5) to base 13.
-19a112
What is 1072130 (base 9) in base 15?
b6809
What is 332334 (base 11) in base 15?
a7128
11cd12c (base 15) to base 12
4354436
What is 4dcb (base 16) in base 6?
232111
What is 28cd7 (base 14) in base 16?
18bcd
-2067066 (base 11) to base 8
-15706045
Convert 4542120 (base 6) to base 7.
1651650
What is 34441212 (base 6) in base 3?
2000000011222
Convert 110355351 (base 6) to base 13.
549076
Convert -29447 (base 13) to base 2.
-10010111100111110
What is 136695b (base 12) in base 10?
3868631
Convert 32001220332 (base 4) to base 14.
6b9cbc
-416b2 (base 14) to base 2
-100110100000101100
Convert -34414662 (base 7) to base 13.
-8162a9
-17698 (base 11) to base 7
-132164
Convert -100101100010111000001 (base 2) to base 15.
-1947d3
What is 4231111 (base 5) in base 14?
1bb1b
What is -26493 (base 15) in base 3?
-20020002110
Convert 57f2f (base 16) to base 14.
953d5
What is 11104200 (base 5) in base 11?
67219
What is -103512 (base 7) in base 5?
-1034330
Convert -b1270 (base 16) to base 9.
-1325320
Convert 1950522 (base 10) to base 4.
13130030322
What is 12113112120 (base 5) in base 16?
d88baf
What is -bcc10b (base 14) in base 9?
-13050114
Convert -123368 (base 12) to base 16.
-48440
Convert 2956d (base 15) to base 2.
100000011011110101
Convert -30312432 (base 5) to base 4.
-323300012
62c982 (base 13) to base 4
20310222213
-26869a1 (base 13) to base 10
-12124698
Convert -5d779 (base 15) to base 6.
-10222453
6db7 (base 16) to base 2
110110110110111
Convert -30571104 (base 8) to base 15.
-881533
What is -1d6024 (base 16) in base 5?
-443101111
-223505 (base 6) to base 8
-45041
Convert 5730a (base 16) to base 8.
1271412
104130333 (base 5) to base 7
3615625
Convert -2263661 (base 9) to base 6.
-42114214
-1585031 (base 9) to base 12
-366aa7
Convert 1011100031 (base 5) to base 6.
111534452
Convert 107653 (base 11) to base 16.
29c90
What is 211220110122 (base 3) in base 16?
6e12f
What is -58c56 (base 13) in base 10?
-162480
3451505 (base 6) to base 7
1340546
Convert 1675a (base 14) to base 11.
39361
Convert -5323433 (base 6) to base 7.
-2132025
Convert 23113122 (base 4) to base 13.
18261
What is -1199c5d (base 14) in base 5?
-4130041420
Convert -115350 (base 8) to base 4.
-21223220
9730d (base 15) to base 7
4036144
11101001000000110 (base 2) to base 13
423c1
Convert -1200210112020 (base 3) to base 5.
-212321203
Convert f002d3 (base 16) to base 9.
32533560
Convert 1021022011122 (base 3) to base 5.
133101204
What is -100001001111001001 (base 2) in base 5?
-13324022
Convert 135142430 (base 6) to base 3.
12012112121000
What is -2032003201 (base 4) in base 2?
-10001110000011100001
What is 59a0545 (base 11) in base 4?
213320110320
-92922 (base 12) to base 8
-565652
What is 11034012443 (base 5) in base 8?
55655757
What is eacc (base 16) in base 14?
17c96
What is 282702 (base 9) in base 13?
6074c
Convert -32201145 (base 6) to base 8.
-3475331
-5bfa2 (base 16) to base 13
-10262b
What is -34b477 (base 12) in base 9?
-1533681
-304024 (base 7) to base 6
-1035511
Convert -1242674 (base 12) to base 5.
-1403233000
What is 1960046 (base 10) in base 15?
28ab4b
Convert -185b48 (base 15) to base 9.
-2203765
Convert 3051565 (base 9) to base 8.
6154241
-724d9 (base 14) to base 13
-98459
What is -40767a (base 13) in base 2?
-101101110100111100010
What is -10110010001110101011011 (base 2) in base 9?
-11881242
Convert 103001040 (base 5) to base 8.
1526615
Convert -758160 (base 9) to base 8.
-1563023
Convert b755 (base 15) to base 12.
1a538
5124335 (base 6) to base 16
3bba3
-17a3a (base 16) to base 10
-96826
Convert 41235 (base 14) to base 3.
21222011011
What is -100222220112 (base 3) in base 14?
-519c7
121220012010020 (base 3) to base 10
8979180
-576580 (base 9) to base 3
-122120122200
2e888b (base 16) to base 4
23220202023
Convert -9367a (base 15) to base 9.
-781807
What is -8049a (base 16) in base 12?
-21410a
What is -1257c (base 16) in base 9?
-124050
Convert 11203103 (base 5) to base 14.
28839
-2851561 (base 9) to base 10
-1569268
732b2b (base 12) to base 3
10101220121222
What is 231202103 (base 5) in base 2?
11111101010111010010
Convert -151463 (base 7) to base 16.
-72d4
-da4a96 (base 14) to base 8
-34137414
Convert -3405 (base 6) to base 2.
-1100011101
Convert -11210000100 (base 3) to base 14.
-263bc
-3516030 (base 10) to base 5
-1400003110
Convert -1058259 (base 11) to base 9.
-3437511
Convert -4a96 (base 14) to base 6.
-140300
What is -5832a (base 14) in base 9?
-356408
What is 36366133 (base 7) in base 3?
20002210012221
Convert 250312122 (base 6) to base 3.
100000001102212
-3964a5a (base 11) to base 13
-1561a48
Convert 3024350 (base 6) to base 3.
21021221010
What is -303014220 (base 5) in base 4?
-10221311133
What is -12404010 (base 5) in base 16?
-1de0c
-20354 (base 7) to base 9
-6752
-52abb (base 16) to base 13
-bb188
Convert -12402000 (base 7) to base 4.
-10103011203
Convert -312b9c (base 15) to base 14.
-44c12a
Convert 2031231 (base 8) to base 10.
537241
What is -10010010011000101 (base 2) in base 8?
-222305
What is 11213211232 (base 4) in base 13?
3c7534
1525770 (base 8) to base 15
89845
245030 (base 10) to base 13
876b6
Convert -6aabc (base 15) to base 7.
-2614020
Convert 15969 (base 12) to base 4.
13200201
C